{"id":424,"date":"2024-05-22T11:22:43","date_gmt":"2024-05-22T09:22:43","guid":{"rendered":"https:\/\/nomadmindset.com\/?page_id=424"},"modified":"2024-05-22T11:22:43","modified_gmt":"2024-05-22T09:22:43","slug":"amazon-affiliate-links","status":"publish","type":"page","link":"https:\/\/nomadmindset.com\/index.php\/amazon-affiliate-links\/","title":{"rendered":"Amazon Affiliate Links"},"content":{"rendered":"\n<p>At NomadMindset.com, we believe in transparency with our readers. As part of this commitment, we want to inform you about the use of Amazon affiliate links on our blog.<\/p>\n\n\n\n<p><strong>What Are Amazon Affiliate Links?<\/strong><\/p>\n\n\n\n<p>Amazon affiliate links are unique URLs that track the traffic sent to Amazon from our blog. When you click on one of these links and make a purchase on Amazon, we may earn a small commission at no additional cost to you. This is part of the Amazon Associates program, an affiliate marketing initiative by Amazon that allows website owners and bloggers to earn money by promoting products.<\/p>\n\n\n\n<p><strong>Why Do We Use Affiliate Links?<\/strong><\/p>\n\n\n\n<p>Running a blog involves various costs, such as web hosting, domain registration, and content creation. By using affiliate links, we can generate some revenue to cover these expenses and continue providing valuable content to our readers. It also allows us to recommend products we genuinely believe in and have found useful, without compromising the quality of our content.<\/p>\n\n\n\n<p><strong>How Does It Work?<\/strong><\/p>\n\n\n\n<ol class=\"wp-block-list\">\n<li><strong>You Click a Link<\/strong>: When you click on an Amazon affiliate link on our blog, a cookie is placed in your browser to track your activity.<\/li>\n\n\n\n<li><strong>You Make a Purchase<\/strong>: If you make a purchase on Amazon within a certain time frame after clicking the link, we earn a commission on that sale.<\/li>\n\n\n\n<li><strong>No Extra Cost to You<\/strong>: The price of the product remains the same for you whether you use an affiliate link or go directly to Amazon.<\/li>\n<\/ol>\n\n\n\n<p><strong>Your Trust Matters<\/strong><\/p>\n\n\n\n<p>We value the trust you place in us and want to assure you that we only recommend products that we believe will add value to your life. Our participation in the Amazon Associates program does not influence our editorial integrity. All opinions expressed on NomadMindset.com are our own and based on our honest experiences.<\/p>\n\n\n\n<p><strong>Supporting NomadMindset.com<\/strong><\/p>\n\n\n\n<p>By using our Amazon affiliate links, you are supporting NomadMindset.com at no additional cost to yourself. This support helps us continue to grow and provide high-quality content tailored to the needs and interests of our readers.<\/p>\n\n\n\n<p>Certainly! Here\u2019s the translation of your note into German:<\/p>\n\n\n\n<hr class=\"wp-block-separator has-alpha-channel-opacity\"\/>\n\n\n\n<p>Bei NomadMindset.com legen wir gro\u00dfen Wert auf Transparenz gegen\u00fcber unseren Lesern. Im Rahmen dieses Engagements m\u00f6chten wir Sie \u00fcber die Verwendung von Amazon-Affiliate-Links auf unserem Blog informieren.<\/p>\n\n\n\n<h2 class=\"wp-block-heading\">Amazon Affiliate Links<\/h2>\n\n\n\n<p><strong>Was sind Amazon-Affiliate-Links?<\/strong><\/p>\n\n\n\n<p>Amazon-Affiliate-Links sind einzigartige URLs, die den von unserem Blog gesendeten Traffic zu Amazon verfolgen. Wenn Sie auf einen dieser Links klicken und bei Amazon einen Kauf t\u00e4tigen, verdienen wir m\u00f6glicherweise eine kleine Provision, ohne dass Ihnen zus\u00e4tzliche Kosten entstehen. Dies ist Teil des Amazon Associates-Programms, einer Affiliate-Marketing-Initiative von Amazon, die es Website-Betreibern und Bloggern erm\u00f6glicht, durch die F\u00f6rderung von Produkten Geld zu verdienen.<\/p>\n\n\n\n<p><strong>Warum verwenden wir Affiliate-Links?<\/strong><\/p>\n\n\n\n<p>Das Betreiben eines Blogs verursacht verschiedene Kosten, wie z. B. f\u00fcr Webhosting, Domainregistrierung und Inhaltserstellung. Durch die Verwendung von Affiliate-Links k\u00f6nnen wir Einnahmen generieren, um diese Ausgaben zu decken und weiterhin wertvolle Inhalte f\u00fcr unsere Leser bereitzustellen. Dar\u00fcber hinaus k\u00f6nnen wir Produkte empfehlen, von denen wir wirklich \u00fcberzeugt sind und die wir als n\u00fctzlich empfunden haben, ohne die Qualit\u00e4t unserer Inhalte zu beeintr\u00e4chtigen.<\/p>\n\n\n\n<p><strong>Wie funktioniert es?<\/strong><\/p>\n\n\n\n<p><strong>Sie klicken auf einen Link<\/strong>: Wenn Sie auf einen Amazon-Affiliate-Link auf unserem Blog klicken, wird ein Cookie in Ihrem Browser platziert, um Ihre Aktivit\u00e4ten zu verfolgen.<\/p>\n\n\n\n<p><strong>Sie t\u00e4tigen einen Kauf<\/strong>: Wenn Sie innerhalb eines bestimmten Zeitraums nach dem Klicken auf den Link einen Kauf bei Amazon t\u00e4tigen, erhalten wir eine Provision f\u00fcr diesen Verkauf.<\/p>\n\n\n\n<p><strong>Keine zus\u00e4tzlichen Kosten f\u00fcr Sie<\/strong>: Der Preis des Produkts bleibt f\u00fcr Sie derselbe, unabh\u00e4ngig davon, ob Sie einen Affiliate-Link verwenden oder direkt zu Amazon gehen.<\/p>\n\n\n\n<p><strong>Ihr Vertrauen z\u00e4hlt<\/strong><\/p>\n\n\n\n<p>Wir sch\u00e4tzen das Vertrauen, das Sie in uns setzen, und m\u00f6chten Ihnen versichern, dass wir nur Produkte empfehlen, von denen wir glauben, dass sie Ihnen einen Mehrwert bieten. Unsere Teilnahme am Amazon Associates-Programm beeinflusst nicht unsere redaktionelle Integrit\u00e4t. Alle auf NomadMindset.com ge\u00e4u\u00dferten Meinungen sind unsere eigenen und basieren auf unseren ehrlichen Erfahrungen.<\/p>\n\n\n\n<p><strong>Unterst\u00fctzung von NomadMindset.com<\/strong><\/p>\n\n\n\n<p>Durch die Nutzung unserer Amazon-Affiliate-Links unterst\u00fctzen Sie NomadMindset.com ohne zus\u00e4tzliche Kosten f\u00fcr Sie. Diese Unterst\u00fctzung hilft uns, weiterhin zu wachsen und qualitativ hochwertige Inhalte bereitzustellen, die auf die Bed\u00fcrfnisse und Interessen unserer Leser zugeschnitten sind.<\/p>\n\n\n\n<hr class=\"wp-block-separator has-alpha-channel-opacity\"\/>\n\n\n\n<p>Feel free to adjust the translation to better fit the specific context of your blog.<\/p>\n","protected":false},"excerpt":{"rendered":"<p>At NomadMindset.com, we believe in transparency with our readers. As part of this commitment, we want to inform you about the use of Amazon affiliate links on our blog. What Are Amazon Affiliate Links? Amazon affiliate links are unique URLs that track the traffic sent to Amazon from our blog. When you click on one [&hellip;]<\/p>\n","protected":false},"author":1,"featured_media":0,"parent":0,"menu_order":0,"comment_status":"closed","ping_status":"closed","template":"","meta":{"_themeisle_gutenberg_block_has_review":false,"footnotes":""},"class_list":["post-424","page","type-page","status-publish","hentry"],"_links":{"self":[{"href":"https:\/\/nomadmindset.com\/index.php\/wp-json\/wp\/v2\/pages\/424","targetHints":{"allow":["GET"]}}],"collection":[{"href":"https:\/\/nomadmindset.com\/index.php\/wp-json\/wp\/v2\/pages"}],"about":[{"href":"https:\/\/nomadmindset.com\/index.php\/wp-json\/wp\/v2\/types\/page"}],"author":[{"embeddable":true,"href":"https:\/\/nomadmindset.com\/index.php\/wp-json\/wp\/v2\/users\/1"}],"replies":[{"embeddable":true,"href":"https:\/\/nomadmindset.com\/index.php\/wp-json\/wp\/v2\/comments?post=424"}],"version-history":[{"count":1,"href":"https:\/\/nomadmindset.com\/index.php\/wp-json\/wp\/v2\/pages\/424\/revisions"}],"predecessor-version":[{"id":425,"href":"https:\/\/nomadmindset.com\/index.php\/wp-json\/wp\/v2\/pages\/424\/revisions\/425"}],"wp:attachment":[{"href":"https:\/\/nomadmindset.com\/index.php\/wp-json\/wp\/v2\/media?parent=424"}],"curies":[{"name":"wp","href":"https:\/\/api.w.org\/{rel}","templated":true}]}}